ate the highest common divisor of 2765 and 134550035.
395
Calculate the greatest common factor of 4076 and 103940038.
2038
Calculate the highest common divisor of 505400850 and 5535.
5535
Calculate the greatest common divisor of 344450 and 14225.
25
Calculate the greatest common factor of 12344442 and 22.
22
What is the highest common divisor of 1276198164 and 2076?
2076
What is the highest common factor of 98064372 and 45468?
5052
Calculate the highest common factor of 548 and 10095804.
548
Calculate the highest common divisor of 7745 and 448847534.
1549
Calculate the greatest common divisor of 9741253 and 316.
79
Calculate the highest common divisor of 68320 and 199470.
610
What is the highest common factor of 75 and 4749885?
15
Calculate the greatest common divisor of 114 and 903714423.
57
Calculate the greatest common divisor of 64209 and 9.
3
What is the highest common divisor of 117280 and 27600?
80
Calculate the greatest common factor of 67342 and 15499.
11
Calculate the highest common divisor of 58356590 and 258.
86
What is the highest common divisor of 1502892 and 11492298?
6894
Calculate the greatest common divisor of 24882020 and 380.
380
What is the greatest common divisor of 5363 and 1015994?
31
Calculate the greatest common divisor of 160943 and 672841.
709
What is the highest common divisor of 7406 and 102074?
322
What is the highest common divisor of 158400 and 98240?
320
Calculate the greatest common divisor of 336 and 614579.
7
Calculate the highest common divisor of 347096601 and 4401.
1467
Calculate the greatest common divisor of 154 and 30128098.
154
What is the greatest common factor of 352 and 11557216?
352
Calculate the greatest common factor of 1182 and 12832383.
591
Calculate the highest common factor of 54815 and 357097799.
10963
Calculate the highest common divisor of 1978 and 2647553.
989
What is the greatest common divisor of 2528 and 18386776?
632
Calculate the greatest common factor of 11802042 and 882.
882
What is the greatest common factor of 44240583 and 987?
141
Calculate the greatest common factor of 8471986 and 1482.
38
What is the greatest common factor of 12119921 and 11?
11
Calculate the highest common factor of 1817 and 71286361.
1817
What is the highest common divisor of 1345839 and 17952?
561
Calculate the greatest common factor of 5416 and 2487975.
677
What is the greatest common factor of 814 and 54652774?
814
Calculate the highest common divisor of 297870825 and 5021.
5021
What is the highest common factor of 685 and 1527139?
137
Calculate the greatest common factor of 148421 and 199694747.
11417
Calculate the greatest common divisor of 1114476 and 9427.
11
What is the greatest common factor of 19662 and 14743194?
174
What is the greatest common factor of 2317549 and 1685?
337
What is the greatest common divisor of 475333 and 229?
1
Calculate the highest common factor of 15660 and 30766100.
580
What is the greatest common divisor of 368643319 and 165?
11
What is the greatest common factor of 79881745 and 710?
355
Calculate the highest common divisor of 5932 and 926978810.
2966
Calculate the greatest common divisor of 95 and 8565605.
5
Calculate the greatest common divisor of 297 and 201177.
27
Calculate the highest common divisor of 137614 and 275477.
83
What is the highest common divisor of 42793920 and 4212?
4212
Calculate the greatest common divisor of 6759841 and 11.
11
Calculate the greatest common divisor of 4 and 438118.
2
What is the greatest common divisor of 27925 and 184299415?
5585
What is the highest common divisor of 3168 and 12388068?
396
What is the greatest common divisor of 103964 and 10376492?
2212
What is the highest common factor of 36334672 and 616?
88
What is the greatest common divisor of 668556 and 5684?
196
Calculate the greatest common factor of 116363448 and 6.
6
What is the highest common divisor of 784 and 2184112?
112
Calculate the highest common factor of 431449959 and 25590.
2559
What is the greatest common factor of 21536055 and 45?
45
What is the greatest common divisor of 417 and 28335?
3
What is the greatest common factor of 26889088 and 256?
128
What is the greatest common factor of 684418 and 5642?
434
Calculate the greatest common divisor of 296 and 190592328.
296
Calculate the highest common divisor of 48083872 and 64.
32
What is the greatest common divisor of 152999741 and 3?
1
What is the greatest common divisor of 112960 and 431320?
40
What is the greatest common divisor of 42861 and 81669?
21
What is the highest common divisor of 513686 and 1185038?
5086
Calculate the highest common factor of 82 and 6588782.
82
What is the highest common factor of 51 and 566683865?
17
Calculate the highest common factor of 515067564 and 612.
204
What is the highest common divisor of 14053 and 43625917?
1081
Calculate the highest common factor of 12 and 75003420.
12
Calculate the greatest common divisor of 809100380 and 568.
284
Calculate the greatest common factor of 17382294 and 60726.
2094
Calculate the greatest common divisor of 4145 and 25348333.
829
Calculate the highest common factor of 58104 and 537696.
72
Calculate the greatest common divisor of 6368 and 89392.
16
What is the highest common factor of 1366621 and 395?
79
What is the highest common factor of 670076 and 10956?
44
What is the highest common divisor of 242062768 and 136?
8
What is the highest common divisor of 282 and 615114?
6
Calculate the greatest common factor of 12340324 and 4077.
151
Calculate the highest common factor of 10972 and 135698953.
2743
Calculate the greatest common factor of 14575 and 205370.
55
What is the highest common divisor of 266277617 and 1004?
251
Calculate the highest common divisor of 400447 and 17548.
41
Calculate the greatest common factor of 324864 and 617392.
752
What is the highest common divisor of 35 and 1004472?
7
What is the highest common factor of 38860892 and 2254?
322
What is the greatest common factor of 45047233 and 1502?
751
What is the greatest common divisor of 156383 and 176206845?
9199
What is the greatest common divisor of 28272348 and 189?
27
Calculate the greatest common factor of 18316 and 207556.
76
Calculate the greatest common factor of 1577 and 32754041.
83
Calculate the highest common factor of 88 and 88145048.
8
Calculate the highest common divisor of 642164 and 916.
4
What is the highest common factor of 10632 and 153228?
12
Calculate the highest common divisor of 21575 and 1572386.
863
Calculate the highest common factor of 71622 and 231490262.
7958
Calculate the highest common divisor of 75957999 and 39.
39
What is the highest common divisor of 1194728689 and 2233?
2233
Calculate the greatest common factor of 38743952 and 884.
884
Calculate the greatest common factor of 4495927 and 1651.
127
What is the greatest common divisor of 2413322 and 928?
58
What is the greatest common divisor of 20225480 and 1376?
344
What is the greatest common factor of 1027460 and 47068?
1148
Calculate the highest common divisor of 1277 and 318823482.
1277
What is the greatest common factor of 8717 and 20079?
23
Calculate the highest common divisor of 178357 and 4661.
59
Calculate the greatest common factor of 3087576 and 20984.
488
Calculate the highest common factor of 20 and 4473530.
10
Calculate the highest common divisor of 6 and 116793843.
3
Calculate the greatest common divisor of 8595 and 146069160.
2865
Calculate the greatest common divisor of 375624775 and 3230.
1615
Calculate the greatest common divisor of 46833 and 7906.
67
What is the greatest common divisor of 370032 and 104208?
624
Calculate the highest common factor of 49 and 673099.
7
What is the highest common divisor of 14537892 and 18?
6
Calculate the greatest common factor of 2030 and 10277078.
406
What is the greatest common divisor of 11346386 and 18?
2
Calculate the highest common divisor of 378 and 1725264.
18
What is the greatest common divisor of 377 and 159861?
13
What is the highest common factor of 8553 and 1056477964?
2851
What is the highest common divisor of 2858948 and 732?
244
What is the highest common divisor of 717 and 2709543?
717
Calculate the highest common divisor of 15640 and 2082500.
340
Calculate the highest common factor of 5069468 and 2516.
68
Calculate the gr